{"id":740,"date":"2020-09-23T16:40:56","date_gmt":"2020-09-23T14:40:56","guid":{"rendered":"https:\/\/afa-international.de\/?page_id=740"},"modified":"2020-09-23T17:10:48","modified_gmt":"2020-09-23T15:10:48","slug":"imprint","status":"publish","type":"page","link":"https:\/\/afa-international.de\/en\/imprint\/","title":{"rendered":"Imprint"},"content":{"rendered":"\n<style type=\"text\/css\" data-created_by=\"avia_inline_auto\" id=\"style-css-av-482t-e6fc79ee39ae7534010ad91909c519b8\">\n.flex_column.av-482t-e6fc79ee39ae7534010ad91909c519b8{\nborder-radius:0px 0px 0px 0px;\npadding:0px 0px 0px 0px;\n}\n<\/style>\n<div  class='flex_column av-482t-e6fc79ee39ae7534010ad91909c519b8 av_one_full  avia-builder-el-0  avia-builder-el-no-sibling  first flex_column_div av-zero-column-padding  '     ><section  class='av_textblock_section av-kf6jr3c7-b34d7284966a64edd5d51aacdf38fbcc '   itemscope=\"itemscope\" itemtype=\"https:\/\/schema.org\/CreativeWork\" ><div class='avia_textblock'  itemprop=\"text\" ><p><strong>Impressum<\/strong><br \/>\nAngaben gem\u00e4\u00df \u00a7 5 TMG<\/p>\n<p>Ulf Sparre<br \/>\nAFA International Real Estate<br \/>\nInh. Ulf Sparre<br \/>\nElsternweg 44<br \/>\n85757 Karlsfeld<\/p>\n<p>Telefon: 08131-97352<br \/>\nTelefax: 08131-57615<br \/>\nE-Mail: <a href=\"mailto:info@afa-international.de\">info@afa-international.de<\/a><\/p>\n<p><strong>Umsatzsteuer-ID<\/strong><br \/>\nUmsatzsteuer-Identifikationsnummer gem\u00e4\u00df \u00a7 27 a Umsatzsteuergesetz: DE 130 187 686<\/p>\n<p><strong>Gewerbeanmeldung<\/strong><br \/>\nDie Gewerbeanmeldung GewO wurde am 11.09.1990 durch IHK M\u00fcnchen und Oberbayern erteilt.<\/p>\n<p><strong>Aufsichtsbeh\u00f6rde<\/strong><br \/>\nIHK M\u00fcnchen und Oberbayern Elsternweg 44<br \/>\n85757 Karlsfeld<br \/>\n<a href=\"https:\/\/www.ihk-muenchen.de\/de\/\" target=\"_blank\" rel=\"noopener noreferrer\">https:\/\/www.ihk-muenchen.de\/de\/<\/a><\/p>\n<p><strong>Verbraucherstreitbeilegung\/Universalschlichtungsstelle<\/strong><br \/>\nWir sind nicht bereit oder verpflichtet, an Streitbeilegungsverfahren vor einer Verbraucherschlichtungsstelle teilzunehmen.<\/p>\n<p><strong>Haftung f\u00fcr Inhalte<\/strong><br \/>\nAls Diensteanbieter sind wir gem\u00e4\u00df \u00a7 7 Abs.1 TMG f\u00fcr eigene Inhalte auf diesen Seiten nach den allgemeinen Gesetzen verantwortlich. Nach \u00a7\u00a7 8 bis 10 TMG sind wir als Diensteanbieter jedoch nicht verpflichtet, \u00fcbermittelte oder gespeicherte fremde Informationen zu \u00fcberwachen oder nach Umst\u00e4nden zu forschen, die auf eine rechtswidrige T\u00e4tigkeit hinweisen.<br \/>\nVerpflichtungen zur Entfernung oder Sperrung der Nutzung von Informationen nach den allgemeinen Gesetzen bleiben hiervon unber\u00fchrt. Eine diesbez\u00fcgliche Haftung ist jedoch erst ab dem Zeitpunkt der Kenntnis einer konkreten Rechtsverletzung m\u00f6glich. Bei Bekanntwerden von entsprechenden Rechtsverletzungen werden wir diese Inhalte umgehend entfernen.<\/p>\n<p><strong>Haftung f\u00fcr Links<\/strong><br \/>\nUnser Angebot enth\u00e4lt Links zu externen Websites Dritter, auf deren Inhalte wir keinen Einfluss haben. Deshalb k\u00f6nnen wir f\u00fcr diese fremden Inhalte auch keine Gew\u00e4hr \u00fcbernehmen. F\u00fcr die Inhalte der verlinkten Seiten ist stets der jeweilige Anbieter oder Betreiber der Seiten verantwortlich. Die verlinkten Seiten wurden zum Zeitpunkt der Verlinkung auf m\u00f6gliche Rechtsverst\u00f6\u00dfe \u00fcberpr\u00fcft. Rechtswidrige Inhalte waren zum Zeitpunkt der Verlinkung nicht erkennbar.<br \/>\nEine permanente inhaltliche Kontrolle der verlinkten Seiten ist jedoch ohne konkrete Anhaltspunkte einer Rechtsverletzung nicht zumutbar. Bei Bekanntwerden von Rechtsverletzungen werden wir derartige Links umgehend entfernen.<\/p>\n<p><strong>Urheberrecht<\/strong><br \/>\nDie durch die Seitenbetreiber erstellten Inhalte und Werke auf diesen Seiten unterliegen dem deutschen Urheberrecht. Die Vervielf\u00e4ltigung, Bearbeitung, Verbreitung und jede Art der Verwertung au\u00dferhalb der Grenzen des Urheberrechtes bed\u00fcrfen der schriftlichen Zustimmung des jeweiligen Autors bzw. Erstellers. Downloads und Kopien dieser Seite sind nur f\u00fcr den privaten, nicht kommerziellen Gebrauch gestattet.<br \/>\nSoweit die Inhalte auf dieser Seite nicht vom Betreiber erstellt wurden, werden die Urheberrechte Dritter beachtet. Insbesondere werden Inhalte Dritter als solche gekennzeichnet. Sollten Sie trotzdem auf eine Urheberrechtsverletzung aufmerksam werden, bitten wir um einen entsprechenden Hinweis. Bei Bekanntwerden von Rechtsverletzungen werden wir derartige Inhalte umgehend entfernen.<\/p>\n<p style=\"text-align: right;\"><em>Quelle:<\/em><br \/>\n<a href=\"https:\/\/www.e-recht24.de\" target=\"_blank\" rel=\"noopener noreferrer\"><em>https:\/\/www.e-recht24.de<\/em><\/a><\/p>\n<\/div><\/section><\/div>\n","protected":false},"excerpt":{"rendered":"","protected":false},"author":1,"featured_media":0,"parent":0,"menu_order":30,"comment_status":"closed","ping_status":"closed","template":"","meta":{"footnotes":""},"class_list":["post-740","page","type-page","status-publish","hentry"],"yoast_head":"<!-- This site is optimized with the Yoast SEO plugin v27.5 - https:\/\/yoast.com\/product\/yoast-seo-wordpress\/ -->\n<title>Imprint - AfA International Real Estate - Immobilien, Anlagen, Verm\u00f6gensverwaltung<\/title>\n<meta name=\"robots\" content=\"index, follow, max-snippet:-1, max-image-preview:large, max-video-preview:-1\" \/>\n<link rel=\"canonical\" href=\"https:\/\/afa-international.de\/en\/imprint\/\" \/>\n<meta property=\"og:locale\" content=\"en_US\" \/>\n<meta property=\"og:type\" content=\"article\" \/>\n<meta property=\"og:title\" content=\"Imprint - AfA International Real Estate - Immobilien, Anlagen, Verm\u00f6gensverwaltung\" \/>\n<meta property=\"og:url\" content=\"https:\/\/afa-international.de\/en\/imprint\/\" \/>\n<meta property=\"og:site_name\" content=\"AfA International Real Estate - Immobilien, Anlagen, Verm\u00f6gensverwaltung\" \/>\n<meta property=\"article:modified_time\" content=\"2020-09-23T15:10:48+00:00\" \/>\n<meta name=\"twitter:card\" content=\"summary_large_image\" \/>\n<meta name=\"twitter:label1\" content=\"Est. reading time\" \/>\n\t<meta name=\"twitter:data1\" content=\"3 minutes\" \/>\n<script type=\"application\/ld+json\" class=\"yoast-schema-graph\">{\"@context\":\"https:\\\/\\\/schema.org\",\"@graph\":[{\"@type\":\"WebPage\",\"@id\":\"https:\\\/\\\/afa-international.de\\\/en\\\/imprint\\\/\",\"url\":\"https:\\\/\\\/afa-international.de\\\/en\\\/imprint\\\/\",\"name\":\"Imprint - AfA International Real Estate - Immobilien, Anlagen, Verm\u00f6gensverwaltung\",\"isPartOf\":{\"@id\":\"https:\\\/\\\/afa-international.de\\\/en\\\/#website\"},\"datePublished\":\"2020-09-23T14:40:56+00:00\",\"dateModified\":\"2020-09-23T15:10:48+00:00\",\"breadcrumb\":{\"@id\":\"https:\\\/\\\/afa-international.de\\\/en\\\/imprint\\\/#breadcrumb\"},\"inLanguage\":\"en-US\",\"potentialAction\":[{\"@type\":\"ReadAction\",\"target\":[\"https:\\\/\\\/afa-international.de\\\/en\\\/imprint\\\/\"]}]},{\"@type\":\"BreadcrumbList\",\"@id\":\"https:\\\/\\\/afa-international.de\\\/en\\\/imprint\\\/#breadcrumb\",\"itemListElement\":[{\"@type\":\"ListItem\",\"position\":1,\"name\":\"Startseite\",\"item\":\"https:\\\/\\\/afa-international.de\\\/en\\\/\"},{\"@type\":\"ListItem\",\"position\":2,\"name\":\"Imprint\"}]},{\"@type\":\"WebSite\",\"@id\":\"https:\\\/\\\/afa-international.de\\\/en\\\/#website\",\"url\":\"https:\\\/\\\/afa-international.de\\\/en\\\/\",\"name\":\"AfA International Real Estate - Immobilien, Anlagen, Verm\u00f6gensverwaltung\",\"description\":\"\",\"publisher\":{\"@id\":\"https:\\\/\\\/afa-international.de\\\/en\\\/#organization\"},\"potentialAction\":[{\"@type\":\"SearchAction\",\"target\":{\"@type\":\"EntryPoint\",\"urlTemplate\":\"https:\\\/\\\/afa-international.de\\\/en\\\/?s={search_term_string}\"},\"query-input\":{\"@type\":\"PropertyValueSpecification\",\"valueRequired\":true,\"valueName\":\"search_term_string\"}}],\"inLanguage\":\"en-US\"},{\"@type\":\"Organization\",\"@id\":\"https:\\\/\\\/afa-international.de\\\/en\\\/#organization\",\"name\":\"AFA International Real Estate\",\"url\":\"https:\\\/\\\/afa-international.de\\\/en\\\/\",\"logo\":{\"@type\":\"ImageObject\",\"inLanguage\":\"en-US\",\"@id\":\"https:\\\/\\\/afa-international.de\\\/en\\\/#\\\/schema\\\/logo\\\/image\\\/\",\"url\":\"https:\\\/\\\/afa-international.de\\\/wp-content\\\/uploads\\\/2020\\\/08\\\/logo_340x79.png\",\"contentUrl\":\"https:\\\/\\\/afa-international.de\\\/wp-content\\\/uploads\\\/2020\\\/08\\\/logo_340x79.png\",\"width\":340,\"height\":79,\"caption\":\"AFA International Real Estate\"},\"image\":{\"@id\":\"https:\\\/\\\/afa-international.de\\\/en\\\/#\\\/schema\\\/logo\\\/image\\\/\"}}]}<\/script>\n<!-- \/ Yoast SEO plugin. -->","yoast_head_json":{"title":"Imprint - AfA International Real Estate - Immobilien, Anlagen, Verm\u00f6gensverwaltung","robots":{"index":"index","follow":"follow","max-snippet":"max-snippet:-1","max-image-preview":"max-image-preview:large","max-video-preview":"max-video-preview:-1"},"canonical":"https:\/\/afa-international.de\/en\/imprint\/","og_locale":"en_US","og_type":"article","og_title":"Imprint - AfA International Real Estate - Immobilien, Anlagen, Verm\u00f6gensverwaltung","og_url":"https:\/\/afa-international.de\/en\/imprint\/","og_site_name":"AfA International Real Estate - Immobilien, Anlagen, Verm\u00f6gensverwaltung","article_modified_time":"2020-09-23T15:10:48+00:00","twitter_card":"summary_large_image","twitter_misc":{"Est. reading time":"3 minutes"},"schema":{"@context":"https:\/\/schema.org","@graph":[{"@type":"WebPage","@id":"https:\/\/afa-international.de\/en\/imprint\/","url":"https:\/\/afa-international.de\/en\/imprint\/","name":"Imprint - AfA International Real Estate - Immobilien, Anlagen, Verm\u00f6gensverwaltung","isPartOf":{"@id":"https:\/\/afa-international.de\/en\/#website"},"datePublished":"2020-09-23T14:40:56+00:00","dateModified":"2020-09-23T15:10:48+00:00","breadcrumb":{"@id":"https:\/\/afa-international.de\/en\/imprint\/#breadcrumb"},"inLanguage":"en-US","potentialAction":[{"@type":"ReadAction","target":["https:\/\/afa-international.de\/en\/imprint\/"]}]},{"@type":"BreadcrumbList","@id":"https:\/\/afa-international.de\/en\/imprint\/#breadcrumb","itemListElement":[{"@type":"ListItem","position":1,"name":"Startseite","item":"https:\/\/afa-international.de\/en\/"},{"@type":"ListItem","position":2,"name":"Imprint"}]},{"@type":"WebSite","@id":"https:\/\/afa-international.de\/en\/#website","url":"https:\/\/afa-international.de\/en\/","name":"AfA International Real Estate - Immobilien, Anlagen, Verm\u00f6gensverwaltung","description":"","publisher":{"@id":"https:\/\/afa-international.de\/en\/#organization"},"potentialAction":[{"@type":"SearchAction","target":{"@type":"EntryPoint","urlTemplate":"https:\/\/afa-international.de\/en\/?s={search_term_string}"},"query-input":{"@type":"PropertyValueSpecification","valueRequired":true,"valueName":"search_term_string"}}],"inLanguage":"en-US"},{"@type":"Organization","@id":"https:\/\/afa-international.de\/en\/#organization","name":"AFA International Real Estate","url":"https:\/\/afa-international.de\/en\/","logo":{"@type":"ImageObject","inLanguage":"en-US","@id":"https:\/\/afa-international.de\/en\/#\/schema\/logo\/image\/","url":"https:\/\/afa-international.de\/wp-content\/uploads\/2020\/08\/logo_340x79.png","contentUrl":"https:\/\/afa-international.de\/wp-content\/uploads\/2020\/08\/logo_340x79.png","width":340,"height":79,"caption":"AFA International Real Estate"},"image":{"@id":"https:\/\/afa-international.de\/en\/#\/schema\/logo\/image\/"}}]}},"_links":{"self":[{"href":"https:\/\/afa-international.de\/en\/wp-json\/wp\/v2\/pages\/740","targetHints":{"allow":["GET"]}}],"collection":[{"href":"https:\/\/afa-international.de\/en\/wp-json\/wp\/v2\/pages"}],"about":[{"href":"https:\/\/afa-international.de\/en\/wp-json\/wp\/v2\/types\/page"}],"author":[{"embeddable":true,"href":"https:\/\/afa-international.de\/en\/wp-json\/wp\/v2\/users\/1"}],"replies":[{"embeddable":true,"href":"https:\/\/afa-international.de\/en\/wp-json\/wp\/v2\/comments?post=740"}],"version-history":[{"count":3,"href":"https:\/\/afa-international.de\/en\/wp-json\/wp\/v2\/pages\/740\/revisions"}],"predecessor-version":[{"id":752,"href":"https:\/\/afa-international.de\/en\/wp-json\/wp\/v2\/pages\/740\/revisions\/752"}],"wp:attachment":[{"href":"https:\/\/afa-international.de\/en\/wp-json\/wp\/v2\/media?parent=740"}],"curies":[{"name":"wp","href":"https:\/\/api.w.org\/{rel}","templated":true}]}}

<style type="text/css" data-created_by="avia_inline_auto" id="style-css-av-482t-e6fc79ee39ae7534010ad91909c519b8">
.flex_column.av-482t-e6fc79ee39ae7534010ad91909c519b8{
border-radius:0px 0px 0px 0px;
padding:0px 0px 0px 0px;
}
</style>
<div  class='flex_column av-482t-e6fc79ee39ae7534010ad91909c519b8 av_one_full  avia-builder-el-0  avia-builder-el-no-sibling  first flex_column_div av-zero-column-padding  '     ><section  class='av_textblock_section av-kf6jr3c7-b34d7284966a64edd5d51aacdf38fbcc '   itemscope="itemscope" itemtype="https://schema.org/CreativeWork" ><div class='avia_textblock'  itemprop="text" ><p><strong>Impressum</strong><br />
Angaben gemäß § 5 TMG</p>
<p>Ulf Sparre<br />
AFA International Real Estate<br />
Inh. Ulf Sparre<br />
Elsternweg 44<br />
85757 Karlsfeld</p>
<p>Telefon: 08131-97352<br />
Telefax: 08131-57615<br />
E-Mail: <a href="mailto:info@afa-international.de">info@afa-international.de</a></p>
<p><strong>Umsatzsteuer-ID</strong><br />
Umsatzsteuer-Identifikationsnummer gemäß § 27 a Umsatzsteuergesetz: DE 130 187 686</p>
<p><strong>Gewerbeanmeldung</strong><br />
Die Gewerbeanmeldung GewO wurde am 11.09.1990 durch IHK München und Oberbayern erteilt.</p>
<p><strong>Aufsichtsbehörde</strong><br />
IHK München und Oberbayern Elsternweg 44<br />
85757 Karlsfeld<br />
<a href="https://www.ihk-muenchen.de/de/" target="_blank" rel="noopener noreferrer">https://www.ihk-muenchen.de/de/</a></p>
<p><strong>Verbraucherstreitbeilegung/Universalschlichtungsstelle</strong><br />
Wir sind nicht bereit oder verpflichtet, an Streitbeilegungsverfahren vor einer Verbraucherschlichtungsstelle teilzunehmen.</p>
<p><strong>Haftung für Inhalte</strong><br />
Als Diensteanbieter sind wir gemäß § 7 Abs.1 TMG für eigene Inhalte auf diesen Seiten nach den allgemeinen Gesetzen verantwortlich. Nach §§ 8 bis 10 TMG sind wir als Diensteanbieter jedoch nicht verpflichtet, übermittelte oder gespeicherte fremde Informationen zu überwachen oder nach Umständen zu forschen, die auf eine rechtswidrige Tätigkeit hinweisen.<br />
Verpflichtungen zur Entfernung oder Sperrung der Nutzung von Informationen nach den allgemeinen Gesetzen bleiben hiervon unberührt. Eine diesbezügliche Haftung ist jedoch erst ab dem Zeitpunkt der Kenntnis einer konkreten Rechtsverletzung möglich. Bei Bekanntwerden von entsprechenden Rechtsverletzungen werden wir diese Inhalte umgehend entfernen.</p>
<p><strong>Haftung für Links</strong><br />
Unser Angebot enthält Links zu externen Websites Dritter, auf deren Inhalte wir keinen Einfluss haben. Deshalb können wir für diese fremden Inhalte auch keine Gewähr übernehmen. Für die Inhalte der verlinkten Seiten ist stets der jeweilige Anbieter oder Betreiber der Seiten verantwortlich. Die verlinkten Seiten wurden zum Zeitpunkt der Verlinkung auf mögliche Rechtsverstöße überprüft. Rechtswidrige Inhalte waren zum Zeitpunkt der Verlinkung nicht erkennbar.<br />
Eine permanente inhaltliche Kontrolle der verlinkten Seiten ist jedoch ohne konkrete Anhaltspunkte einer Rechtsverletzung nicht zumutbar. Bei Bekanntwerden von Rechtsverletzungen werden wir derartige Links umgehend entfernen.</p>
<p><strong>Urheberrecht</strong><br />
Die durch die Seitenbetreiber erstellten Inhalte und Werke auf diesen Seiten unterliegen dem deutschen Urheberrecht. Die Vervielfältigung, Bearbeitung, Verbreitung und jede Art der Verwertung außerhalb der Grenzen des Urheberrechtes bedürfen der schriftlichen Zustimmung des jeweiligen Autors bzw. Erstellers. Downloads und Kopien dieser Seite sind nur für den privaten, nicht kommerziellen Gebrauch gestattet.<br />
Soweit die Inhalte auf dieser Seite nicht vom Betreiber erstellt wurden, werden die Urheberrechte Dritter beachtet. Insbesondere werden Inhalte Dritter als solche gekennzeichnet. Sollten Sie trotzdem auf eine Urheberrechtsverletzung aufmerksam werden, bitten wir um einen entsprechenden Hinweis. Bei Bekanntwerden von Rechtsverletzungen werden wir derartige Inhalte umgehend entfernen.</p>
<p style="text-align: right;"><em>Quelle:</em><br />
<a href="https://www.e-recht24.de" target="_blank" rel="noopener noreferrer"><em>https://www.e-recht24.de</em></a></p>
</div></section></div>

<!-- This site is optimized with the Yoast SEO plugin v27.5 - https://yoast.com/product/yoast-seo-wordpress/ -->
<title>Imprint - AfA International Real Estate - Immobilien, Anlagen, Vermögensverwaltung</title>
<meta name="robots" content="index, follow, max-snippet:-1, max-image-preview:large, max-video-preview:-1" />
<link rel="canonical" href="https://afa-international.de/en/imprint/" />
<meta property="og:locale" content="en_US" />
<meta property="og:type" content="article" />
<meta property="og:title" content="Imprint - AfA International Real Estate - Immobilien, Anlagen, Vermögensverwaltung" />
<meta property="og:url" content="https://afa-international.de/en/imprint/" />
<meta property="og:site_name" content="AfA International Real Estate - Immobilien, Anlagen, Vermögensverwaltung" />
<meta property="article:modified_time" content="2020-09-23T15:10:48+00:00" />
<meta name="twitter:card" content="summary_large_image" />
<meta name="twitter:label1" content="Est. reading time" />
	<meta name="twitter:data1" content="3 minutes" />
<script type="application/ld+json" class="yoast-schema-graph">{"@context":"https:\/\/schema.org","@graph":[{"@type":"WebPage","@id":"https:\/\/afa-international.de\/en\/imprint\/","url":"https:\/\/afa-international.de\/en\/imprint\/","name":"Imprint - AfA International Real Estate - Immobilien, Anlagen, Vermögensverwaltung","isPartOf":{"@id":"https:\/\/afa-international.de\/en\/#website"},"datePublished":"2020-09-23T14:40:56+00:00","dateModified":"2020-09-23T15:10:48+00:00","breadcrumb":{"@id":"https:\/\/afa-international.de\/en\/imprint\/#breadcrumb"},"inLanguage":"en-US","potentialAction":[{"@type":"ReadAction","target":["https:\/\/afa-international.de\/en\/imprint\/"]}]},{"@type":"BreadcrumbList","@id":"https:\/\/afa-international.de\/en\/imprint\/#breadcrumb","itemListElement":[{"@type":"ListItem","position":1,"name":"Startseite","item":"https:\/\/afa-international.de\/en\/"},{"@type":"ListItem","position":2,"name":"Imprint"}]},{"@type":"WebSite","@id":"https:\/\/afa-international.de\/en\/#website","url":"https:\/\/afa-international.de\/en\/","name":"AfA International Real Estate - Immobilien, Anlagen, Vermögensverwaltung","description":"","publisher":{"@id":"https:\/\/afa-international.de\/en\/#organization"},"potentialAction":[{"@type":"SearchAction","target":{"@type":"EntryPoint","urlTemplate":"https:\/\/afa-international.de\/en\/?s={search_term_string}"},"query-input":{"@type":"PropertyValueSpecification","valueRequired":true,"valueName":"search_term_string"}}],"inLanguage":"en-US"},{"@type":"Organization","@id":"https:\/\/afa-international.de\/en\/#organization","name":"AFA International Real Estate","url":"https:\/\/afa-international.de\/en\/","logo":{"@type":"ImageObject","inLanguage":"en-US","@id":"https:\/\/afa-international.de\/en\/#\/schema\/logo\/image\/","url":"https:\/\/afa-international.de\/wp-content\/uploads\/2020\/08\/logo_340x79.png","contentUrl":"https:\/\/afa-international.de\/wp-content\/uploads\/2020\/08\/logo_340x79.png","width":340,"height":79,"caption":"AFA International Real Estate"},"image":{"@id":"https:\/\/afa-international.de\/en\/#\/schema\/logo\/image\/"}}]}</script>
<!-- / Yoast SEO plugin. -->

Imprint - AfA International Real Estate - Immobilien, Anlagen, Vermögensverwaltung

AfA International Real Estate - Immobilien, Anlagen, Vermögensverwaltung
